{"id":7508,"date":"2014-05-03T17:29:43","date_gmt":"2014-05-03T15:29:43","guid":{"rendered":"http:\/\/ryttarutbildning.se\/?page_id=7508"},"modified":"2026-04-26T13:51:28","modified_gmt":"2026-04-26T11:51:28","slug":"ridhusschema","status":"publish","type":"page","link":"https:\/\/ryttarutbildning.se\/?page_id=7508","title":{"rendered":"Ridhusschema"},"content":{"rendered":"\n<p>Kurs = ridhuset st\u00e4ngt<br>Privatlektion = ok att rida samtidigt, men ej longera eller t\u00f6mk\u00f6ra<br><\/p>\n\n\n\n<p><strong>Vecka 18<\/strong><br><br><strong>M\u00e5ndag 27 april<\/strong><br>17.30 Privatlektion<br>18.00 Privatlektion<br><br><strong>Torsdag 30 april<\/strong><br>16.30 lektion ist\u00e4llet f\u00f6r 19.15!<br><br><strong>Fredag 1 april<\/strong><br>10.00 Drop in<br><br><br><\/p>\n\n\n\n<p><strong>Fasta lektioner varje vecka under terminen:<\/strong><\/p>\n\n\n\n<figure class=\"wp-block-table\"><table><tbody><tr><td>M\u00e5nd<\/td><td>19.30-20.30<\/td><\/tr><tr><td>Tisd<\/td><td>18.30-19.30<\/td><\/tr><tr><td>Tisd<\/td><td>19.45-20.45<\/td><\/tr><tr><td>Tors<\/td><td>18.00-19.00<\/td><\/tr><tr><td>Tors<\/td><td>19.15-20.15<\/td><\/tr><tr><td>Fred<\/td><td>10.00-11.00<\/td><\/tr><\/tbody><\/table><\/figure>\n\n\n\n<p><br><\/p>\n\n\n\n<p><br><br><br><br><br><br><br><br><br><br><br><\/p>\n","protected":false},"excerpt":{"rendered":"<p>Kurs = ridhuset st\u00e4ngtPrivatlektion = ok att rida samtidigt, men ej longera eller t\u00f6mk\u00f6ra Vecka 18 M\u00e5ndag 27 april17.30 Privatlektion18.00 Privatlektion Torsdag 30 april16.30 lektion ist\u00e4llet f\u00f6r 19.15! Fredag 1 april10.00 Drop in Fasta lektioner varje vecka under terminen: M\u00e5nd 19.30-20.30 Tisd 18.30-19.30 Tisd 19.45-20.45 Tors 18.00-19.00 Tors 19.15-20.15 Fred 10.00-11.00<\/p>\n","protected":false},"author":1,"featured_media":0,"parent":4435,"menu_order":0,"comment_status":"open","ping_status":"open","template":"","meta":{"_exactmetrics_skip_tracking":false,"_exactmetrics_sitenote_active":false,"_exactmetrics_sitenote_note":"","_exactmetrics_sitenote_category":0,"footnotes":""},"class_list":["post-7508","page","type-page","status-publish","hentry"],"_links":{"self":[{"href":"https:\/\/ryttarutbildning.se\/index.php?rest_route=\/wp\/v2\/pages\/7508","targetHints":{"allow":["GET"]}}],"collection":[{"href":"https:\/\/ryttarutbildning.se\/index.php?rest_route=\/wp\/v2\/pages"}],"about":[{"href":"https:\/\/ryttarutbildning.se\/index.php?rest_route=\/wp\/v2\/types\/page"}],"author":[{"embeddable":true,"href":"https:\/\/ryttarutbildning.se\/index.php?rest_route=\/wp\/v2\/users\/1"}],"replies":[{"embeddable":true,"href":"https:\/\/ryttarutbildning.se\/index.php?rest_route=%2Fwp%2Fv2%2Fcomments&post=7508"}],"version-history":[{"count":33,"href":"https:\/\/ryttarutbildning.se\/index.php?rest_route=\/wp\/v2\/pages\/7508\/revisions"}],"predecessor-version":[{"id":25767,"href":"https:\/\/ryttarutbildning.se\/index.php?rest_route=\/wp\/v2\/pages\/7508\/revisions\/25767"}],"up":[{"embeddable":true,"href":"https:\/\/ryttarutbildning.se\/index.php?rest_route=\/wp\/v2\/pages\/4435"}],"wp:attachment":[{"href":"https:\/\/ryttarutbildning.se\/index.php?rest_route=%2Fwp%2Fv2%2Fmedia&parent=7508"}],"curies":[{"name":"wp","href":"https:\/\/api.w.org\/{rel}","templated":true}]}}