{"id":24786,"date":"2024-03-22T21:28:38","date_gmt":"2024-03-22T19:28:38","guid":{"rendered":"https:\/\/ryttarutbildning.se\/?page_id=24786"},"modified":"2024-03-23T08:40:39","modified_gmt":"2024-03-23T06:40:39","slug":"bloggen","status":"publish","type":"page","link":"https:\/\/ryttarutbildning.se\/?page_id=24786","title":{"rendered":"Blogg"},"content":{"rendered":"<form role=\"search\" method=\"get\" action=\"https:\/\/ryttarutbildning.se\/\" class=\"wp-block-search__button-outside wp-block-search__text-button wp-block-search\"    ><label class=\"wp-block-search__label\" for=\"wp-block-search__input-1\" >S\u00f6k<\/label><div class=\"wp-block-search__inside-wrapper\" ><input class=\"wp-block-search__input\" id=\"wp-block-search__input-1\" placeholder=\"\" value=\"\" type=\"search\" name=\"s\" required \/><button aria-label=\"S\u00f6k\" class=\"wp-block-search__button wp-element-button\" type=\"submit\" >S\u00f6k<\/button><\/div><\/form>\n\n\n<div class=\"wp-block-query alignfull is-layout-flow wp-block-query-is-layout-flow\">\n<div class=\"wp-block-group alignfull\" style=\"padding-top:var(--wp--preset--spacing--40);padding-right:var(--wp--preset--spacing--40);padding-bottom:var(--wp--preset--spacing--40);padding-left:var(--wp--preset--spacing--40)\"><div class=\"wp-block-group__inner-container is-layout-flow wp-block-group-is-layout-flow\"><ul style=\"text-transform:none;\" class=\"wp-block-post-template is-layout-flow wp-block-post-template-is-layout-flow\"><li class=\"wp-block-post post-25626 post type-post status-publish format-standard has-post-thumbnail hentry category-bli-en-battre-ryttare category-ridtips\">\n\n<div class=\"wp-block-group is-content-justification-left\"><div class=\"wp-block-group__inner-container is-layout-constrained wp-container-core-group-is-layout-b4bdc4c8 wp-block-group-is-layout-constrained\">\n<div class=\"wp-block-group is-vertical is-layout-flex wp-container-core-group-is-layout-438e4d21 wp-block-group-is-layout-flex\" style=\"padding-bottom:var(--wp--preset--spacing--80)\"><div style=\"font-size:0.9rem;letter-spacing:1px; margin-top:0;margin-right:0;margin-bottom:0;margin-left:0;\" class=\"has-text-align-left has-link-color wp-elements-5599b62b56904c5408ce764ba1a18b73 wp-block-post-date has-text-color has-contrast-color\"><time datetime=\"2025-12-15T15:03:40+02:00\">12\/15\/2025<\/time><\/div>\n\n\n<div class=\"wp-block-group\" style=\"margin-top:0;margin-bottom:0\"><div class=\"wp-block-group__inner-container is-layout-constrained wp-block-group-is-layout-constrained\"><h2 style=\"font-style:normal;font-weight:600;line-height:1;\" class=\"has-link-color wp-elements-55907b1d8be63b72687c4eeb4ba5286a wp-block-post-title has-text-color has-contrast-color has-medium-font-size\"><a href=\"https:\/\/ryttarutbildning.se\/?p=25626\" target=\"_self\" >Nyckeln till en b\u00e4ttre galopp<\/a><\/h2>\n\n<div style=\"line-height:1.7;\" class=\"wp-block-post-excerpt has-small-font-size\"><p class=\"wp-block-post-excerpt__excerpt\">Jag upplever att m\u00e5nga ryttare har sv\u00e5rast med galoppen av n\u00e5gon anledning. K\u00e4nner du igen dig i det? Och vet du i s\u00e5 fall varf\u00f6r? Jag tror att galoppen kan &#8221;bli en grej&#8221; f\u00f6r m\u00e5nga ridskoleryttare, dels f\u00f6r att man kanske inte jobbar s\u00e5 mycket i galopp av olika anledningar, och f\u00f6r att det faktiskt&hellip; <\/p><\/div><\/div><\/div>\n<\/div>\n<\/div><\/div>\n\n<\/li><li class=\"wp-block-post post-25546 post type-post status-publish format-standard has-post-thumbnail hentry category-uncategorized\">\n\n<div class=\"wp-block-group is-content-justification-left\"><div class=\"wp-block-group__inner-container is-layout-constrained wp-container-core-group-is-layout-b4bdc4c8 wp-block-group-is-layout-constrained\">\n<div class=\"wp-block-group is-vertical is-layout-flex wp-container-core-group-is-layout-438e4d21 wp-block-group-is-layout-flex\" style=\"padding-bottom:var(--wp--preset--spacing--80)\"><div style=\"font-size:0.9rem;letter-spacing:1px; margin-top:0;margin-right:0;margin-bottom:0;margin-left:0;\" class=\"has-text-align-left has-link-color wp-elements-5599b62b56904c5408ce764ba1a18b73 wp-block-post-date has-text-color has-contrast-color\"><time datetime=\"2025-10-12T09:08:11+02:00\">10\/12\/2025<\/time><\/div>\n\n\n<div class=\"wp-block-group\" style=\"margin-top:0;margin-bottom:0\"><div class=\"wp-block-group__inner-container is-layout-constrained wp-block-group-is-layout-constrained\"><h2 style=\"font-style:normal;font-weight:600;line-height:1;\" class=\"has-link-color wp-elements-55907b1d8be63b72687c4eeb4ba5286a wp-block-post-title has-text-color has-contrast-color has-medium-font-size\"><a href=\"https:\/\/ryttarutbildning.se\/?p=25546\" target=\"_self\" >P\u00e5 t\u00e4vling med N\u00e4va<\/a><\/h2>\n\n<div style=\"line-height:1.7;\" class=\"wp-block-post-excerpt has-small-font-size\"><p class=\"wp-block-post-excerpt__excerpt\">Ig\u00e5r fick min lektionsh\u00e4st N\u00e4va t\u00e4vla LB3 med Hanna Montoya som debuterade p\u00e5 t\u00e4vlingsbanan! Det var v\u00e4ldigt roligt, N\u00e4va sk\u00f6tte sig fint och Hanna lotsade runt henne p\u00e5 ett bra s\u00e4tt med fina v\u00e4gar och ett noggrant ridet program. N\u00e4va kan bli ganska pigg och lite tittig \/ sp\u00e4nd, och jag \u00e4r os\u00e4ker p\u00e5 om&hellip; <\/p><\/div><\/div><\/div>\n<\/div>\n<\/div><\/div>\n\n<\/li><li class=\"wp-block-post post-25536 post type-post status-publish format-standard hentry category-uncategorized\">\n\n<div class=\"wp-block-group is-content-justification-left\"><div class=\"wp-block-group__inner-container is-layout-constrained wp-container-core-group-is-layout-b4bdc4c8 wp-block-group-is-layout-constrained\">\n<div class=\"wp-block-group is-vertical is-layout-flex wp-container-core-group-is-layout-438e4d21 wp-block-group-is-layout-flex\" style=\"padding-bottom:var(--wp--preset--spacing--80)\"><div style=\"font-size:0.9rem;letter-spacing:1px; margin-top:0;margin-right:0;margin-bottom:0;margin-left:0;\" class=\"has-text-align-left has-link-color wp-elements-5599b62b56904c5408ce764ba1a18b73 wp-block-post-date has-text-color has-contrast-color\"><time datetime=\"2025-09-28T21:39:36+02:00\">9\/28\/2025<\/time><\/div>\n\n\n<div class=\"wp-block-group\" style=\"margin-top:0;margin-bottom:0\"><div class=\"wp-block-group__inner-container is-layout-constrained wp-block-group-is-layout-constrained\"><h2 style=\"font-style:normal;font-weight:600;line-height:1;\" class=\"has-link-color wp-elements-55907b1d8be63b72687c4eeb4ba5286a wp-block-post-title has-text-color has-contrast-color has-medium-font-size\"><a href=\"https:\/\/ryttarutbildning.se\/?p=25536\" target=\"_self\" >Sv\u00e5rklass-debut!<\/a><\/h2>\n\n<div style=\"line-height:1.7;\" class=\"wp-block-post-excerpt has-small-font-size\"><p class=\"wp-block-post-excerpt__excerpt\">Ett viktigt \u00e5rsm\u00e5l avklarat f\u00f6r mig och Soya i helgen &#8211; vi debuterade Int1!Vi hade lite missar som var on\u00f6diga, t.ex galopp i en trav\u00f6kning d\u00e4r jag trodde jag skulle kunna &#8221;satsa&#8221;, och lite stopp innan en piruett. Styrkan beh\u00f6ver ocks\u00e5 bli b\u00e4ttre i piruetter och sax, men vi satte b\u00e5de treor och tv\u00e5or i&hellip; <\/p><\/div><\/div><\/div>\n<\/div>\n<\/div><\/div>\n\n<\/li><\/ul><\/div><\/div>\n\n\n\n<div class=\"wp-block-group is-content-justification-left\" style=\"margin-top:0;margin-bottom:0;padding-top:0;padding-right:var(--wp--preset--spacing--40);padding-bottom:var(--wp--preset--spacing--40);padding-left:var(--wp--preset--spacing--40)\"><div class=\"wp-block-group__inner-container is-layout-constrained wp-container-core-group-is-layout-4f3b647b wp-block-group-is-layout-constrained\"><nav class=\"wp-block-query-pagination is-content-justification-left is-nowrap is-layout-flex wp-container-core-query-pagination-is-layout-f56a869c wp-block-query-pagination-is-layout-flex\" aria-label=\"Sidonumrering\">\n\n\n<a href=\"\/index.php?rest_route=%2Fwp%2Fv2%2Fpages%2F24786&#038;query-31-page=2\" style=\"font-size:0.9rem;text-transform:uppercase;letter-spacing:1px;\" class=\"wp-elements-165a8aa96a7546446f11c5f70728c230 wp-block-query-pagination-next\">N\u00e4sta sida<\/a>\n<\/nav><\/div><\/div>\n<\/div>\n","protected":false},"excerpt":{"rendered":"","protected":false},"author":1,"featured_media":0,"parent":0,"menu_order":0,"comment_status":"closed","ping_status":"closed","template":"","meta":{"_exactmetrics_skip_tracking":false,"_exactmetrics_sitenote_active":false,"_exactmetrics_sitenote_note":"","_exactmetrics_sitenote_category":0,"footnotes":""},"class_list":["post-24786","page","type-page","status-publish","hentry"],"_links":{"self":[{"href":"https:\/\/ryttarutbildning.se\/index.php?rest_route=\/wp\/v2\/pages\/24786","targetHints":{"allow":["GET"]}}],"collection":[{"href":"https:\/\/ryttarutbildning.se\/index.php?rest_route=\/wp\/v2\/pages"}],"about":[{"href":"https:\/\/ryttarutbildning.se\/index.php?rest_route=\/wp\/v2\/types\/page"}],"author":[{"embeddable":true,"href":"https:\/\/ryttarutbildning.se\/index.php?rest_route=\/wp\/v2\/users\/1"}],"replies":[{"embeddable":true,"href":"https:\/\/ryttarutbildning.se\/index.php?rest_route=%2Fwp%2Fv2%2Fcomments&post=24786"}],"version-history":[{"count":0,"href":"https:\/\/ryttarutbildning.se\/index.php?rest_route=\/wp\/v2\/pages\/24786\/revisions"}],"wp:attachment":[{"href":"https:\/\/ryttarutbildning.se\/index.php?rest_route=%2Fwp%2Fv2%2Fmedia&parent=24786"}],"curies":[{"name":"wp","href":"https:\/\/api.w.org\/{rel}","templated":true}]}}